52?
51
Suppose 13 = -5*r + 3, r + 277 = 5*j. Let c = j - 37. Let z = -24 - -57. What is the remainder when z is divided by c?
15
Let s be -6 + 3 - -5 - 3. Calculate the remainder when s - ((-781)/7 + 3/(-7)) is divided by 23.
19
Suppose -t - h = 9 + 59, 3*t + 211 = 4*h. Let q = t - -36. Let k = -25 - q. Calculate the remainder when 39 is divided by k.
7
Suppose 3*f + 51 = -3*s, -2*f + 3*s = 2*f + 89. Let x be (-6)/15 + (-168)/f. Suppose x*v = -v + 288. Calculate the remainder when v is divided by 22.
10
Suppose -40*v + 122*v = -12784 + 143328. What is the remainder when v is divided by 76?
72
Suppose -2*u - 3*w + 1043 = 0, 3*u - 1552 = -16*w + 14*w. Calculate the remainder when u is divided by 131.
121
Suppose 464*x - 1008 - 12448 = 0. What is the remainder when 7741 is divided by x?
27
Suppose 3*u = 3*t - 66, -12*u + 62 = 3*t - 14*u. Calculate the remainder when 248 is divided by t.
14
Let i(b) = -2*b + 40. Let x be i(13). Let g = 76 + x. Let l = -56 + 89. What is the remainder when g is divided by l?
24
Let f(r) = 3*r**2 - 116*r + 146. Let g(p) = -p**3 + 7*p**2 - 9*p + 5. What is the remainder when f(39) is divided by g(5)?
5
Calculate the remainder when (-6 - 667/(-2)) + (3 + -7)/(-8) is divided by 22.
20
Let n(h) = -1 + 8*h + 5*h + h**3 - 14*h + 4*h**2 + 3*h. Let m be n(-3). Suppose 0 = m*j + 9 - 121. What is the remainder when j is divided by 19?
18
Suppose 290*p - 291*p = 16. Calculate the remainder when (9295/4)/13 + (-4)/p is divided by 37.
31
Suppose 16*m = 15*m. Suppose -6*z + 709 - 565 = m. Suppose x = 5*p - 2*x - 205, -p = -5*x - 19. Calculate the remainder when p is divided by z.
20
Suppose 0 = -2*k - 3*k - 45. Let u(p) = p**2 + 21*p - 12. Let f be u(k). Calculate the remainder when 18 is divided by ((-4)/(-12))/((-4)/f).
8
Let g be (-1*(-6 - -10))/(-1). Suppose -4*d = g - 36. Calculate the remainder when 30 is divided by d.
6
Suppose 24657 = -26*d + 25827. Let c = -12 - -24. Calculate the remainder when d is divided by c.
9
Suppose 0 = -37*p + 35*p + 168. Let y = 191 - p. Calculate the remainder when y is divided by 14.
9
Let c(y) = y**2 - 21*y + 5. Suppose 0 = 19*s - 22*s + 63. Calculate the remainder when 184 is divided by c(s).
4
Let o = -543 - -127. Let a = 423 + o. What is the remainder when 16 is divided by a?
2
Suppose 5*r = 4*x - 997, -3*x + 569 + 173 = 2*r. Calculate the remainder when 974 is divided by x.
230
Suppose 5*t = -15, 4*x - 5*t + 31 = 6*x. Suppose -x*n + 27*n - 60 = 0. What is the remainder when 12/(-18) + (-86)/(-3) is divided by n?
13
Suppose o - 55 = -206. Calculate the remainder when (4 + -2)*(-13)/26 - o is divided by 31.
26
Suppose -356*t + 175*t + 3080 = -159*t. Calculate the remainder when 566 is divided by t.
6
Let n(v) = 2*v**3 - 82*v**2 + 19*v - 589. Calculate the remainder when 711 is divided by n(41).
141
Let y(w) = 95*w**2 - 2*w + 1. Let c(b) = -b**2 + 9*b + 11. Let h be c(10). What is the remainder when y(h) is divided by 8?
6
Suppose 250*h = 194*h + 224. Calculate the remainder when 85 is divided by h.
1
Suppose 0 = c - 4*d - 131, 0 = -4*c + 2*d - 7*d + 419. Suppose -c*t = -112*t + 83. What is the remainder when t is divided by 28?
27
Let z(h) = 79*h - 9398. Calculate the remainder when 3771 is divided by z(120).
81
Let a(x) = 13*x**2 - 55*x - 25. Calculate the remainder when a(45) is divided by 74.
71
Suppose 8 = 9*v - 7*v. Suppose 2*t = -0*t + v*f + 8, -2*f - 16 = 2*t. What is the remainder when t/3 + (-1467)/(-27) is divided by 11?
9
Let g = 7378 + -7297. Calculate the remainder when 535 is divided by g.
49
Let t(j) = -11*j - 1. Calculate the remainder when 25/5 - -86 - 1 is divided by t(-2).
6
Calculate the remainder when (2/(-4))/(4/(-16)) is divided by (-14)/((-91)/13)*1.
0
Let q = 348 - 218. Calculate the remainder when 392 is divided by q.
2
Suppose 4*x = -5*i - 61 + 168, -5*x = -15. Let a = -53 + 100. What is the remainder when a is divided by i?
9
Let i = 329 - 312. What is the remainder when 83 is divided by i?
15
Suppose -5*f - 3 = -2*f - 5*h, 2*h + 18 = -2*f. Let q = 313 - 304. What is the remainder when 1249/q - 9/(243/f) is divided by 10?
9
Let d(f) = f - f**3 + 6 - 2 + 2*f**3 + 14*f**2. Let m be d(-14). Let x(n) = -n**2 - 9*n + 16. Calculate the remainder when 45 is divided by x(m).
3
Let t(m) = 14*m. Let j be t(5). Let s(v) = -5*v**3 + 3*v - 5. Let q be s(2). Let w = j + q. Calculate the remainder when w is divided by 17.
14
Let p be ((-7)/(-7) - 23136/10)*-5. Suppose 34*b - 10979 - p = 0. What is the remainder when b is divided by 83?
82
Suppose -4095 = 304*g - 369*g. What is the remainder when 893 is divided by g?
11
Suppose 4*c + 2*s = 2868 - 2444, 2*c - 200 = s. What is the remainder when 656 is divided by c?
38
Let d(h) = 50*h + 1911. Calculate the remainder when d(-32) is divided by 11.
3
Let x(i) = -2*i**3 - 60*i**2 + 133*i + 184. Calculate the remainder when 167 is divided by x(-32).
23
Let m(a) = -33*a - 1. Let i be m(-5). Let l = -146 + i. What is the remainder when 159 is divided by l?
15
Let l(c) = 32*c + 48. Calculate the remainder when 1053 is divided by l(-1).
13
Let y = 41200 + -40407. What is the remainder when y is divided by 332?
129
What is the remainder when 230 is divided by 392/15 - 348/2610?
22
Let q(l) = 2*l**3 - l**2 + 5*l. Let o be q(-3). Let g = o + 119. What is the remainder when g is divided by 26?
15
Let t(h) = 15*h. Calculate the remainder when t(3) is divided by (-18 - (-295)/15)*(1 - (-152)/10).
18
Suppose 0 = -4*k + 5*a - 316, 2*k - 2*a = 2*a - 164. Let t = k - -61. Let g = t - -39. What is the remainder when g is divided by 14?
12
Let t = -2159 + 2190. Suppose 2*w = -2*w + 236. What is the remainder when w is divided by t?
28
Suppose 0 = 5*b - g - 136 + 19, 0 = 2*g + 4. Calculate the remainder when 1975 is divided by b.
20
Suppose -5*y + 10 = -5*t, -2*y - 2*y - 4*t - 24 = 0. Let j be (-195)/(-9) + y/(-6) + 0. What is the remainder when 65 is divided by ((-4)/2)/((-2)/j*1)?
21
Suppose 5*o - 12 = -j - 59, -4*j = 4*o + 156. Let c = j + 72. Calculate the remainder when c is divided by 9.
8
Suppose -345*g + 91025 + 132129 = -191881. What is the remainder when g is divided by 236?
23
Suppose 1610 = 13*j - 756. Let l = -136 + j. What is the remainder when l is divided by 5?
1
Let d be (10 - (-50)/(-10)) + 80/2. What is the remainder when ((d - 9)*-1)/(6/(-88)) is divided by 28?
24
Suppose -5*d + d = -12, 4*q - 126 = -2*d. Let p = -1737 + 1206. What is the remainder when (20/30)/((-1)/p*3) is divided by q?
28
Let l(s) = -s + 2. Let a be l(-5). Let u = 15 - a. What is the remainder when u is divided by (-3)/(-14) + ((-99693)/(-462))/57?
0
Suppose -68*q + 38 = p - 64*q, -3*p - 2*q = -74. What is the remainder when 1317 is divided by p?
19
Let b = -75 + 24. Let p = b + -51. Let v = 128 + p. Calculate the remainder when 102 is divided by v.
24
Let x(m) be the second derivative of 2*m**4/3 + 2*m**3/3 + 17*m**2/2 - 20*m + 8. What is the remainder when x(-7) is divided by 24?
21
Let r(y) = 7 + 2*y**3 + 7*y**2 + y - y**3 - 2*y**3. Let p = -6717 + 6722. Calculate the remainder when r(p) is divided by 21.
20
Let x = -1 + 8. Let d be (-4)/56*-7*6. Suppose 0 = -j, d*f + 5*j = 5*f - 124. Calculate the remainder when f is divided by x.
6
Suppose -75*b = -78*b + 48. Let a(o) = -o**3 + 16*o**2 + o - 14. What is the remainder when 13 is divided by a(b)?
1
Let p = -340 - -342. Suppose 0 = 3*a - 2*a + 4*j - 59, -4 = -p*j. What is the remainder when 148 is divided by a?
46
Let s be -1 + 1 + 578 + 4. Let x be (2/(-6))/((8/s)/(-4)). Let j = x - 72. What is the remainder when 98 is divided by j?
23
Suppose -56*p + 43 = 5*g - 53*p, 5*p + 27 = 4*g. Calculate the remainder when 970 is divided by g.
2
Suppose 12*o + 4 = 148. Suppose -j = -2*m - o, -3*j - 3*m + 9 = -54. What is the remainder when 63 is divided by j?
9
Let h = 586 + -325. Let a = 270 - h. Calculate the remainder when 133 is divided by a.
7
Let b = -407 + 417. Suppose b*n + 5*h - 111 = 7*n, -3*h = 0. What is the remainder when 144 is divided by n?
33
Calculate the remainder when 291/(-194)*((-11415)/9 - -1) is divided by 30.
11
Suppose -2*n = 3*l - 1032, -2*l - 334 - 175 = -n. Let b = n - 390. What is the remainder when b is divided by 43?
37
Suppose 1445*z - 1457*z + 4824 = 0. Calculate the remainder when 8